digit of 813522?
1
What is the thousands digit of 157193?
7
What is the tens digit of 359461?
6
What is the ten thousands digit of 3453430?
5
What is the hundred thousands digit of 37638779?
6
What is the units digit of 17822866?
6
What is the thousands digit of 325676?
5
What is the thousands digit of 894796?
4
What is the tens digit of 153800?
0
What is the hundred thousands digit of 301288?
3
What is the tens digit of 3928843?
4
What is the units digit of 45210?
0
What is the units digit of 30824?
4
What is the ten thousands digit of 69808?
6
What is the ten thousands digit of 1153686?
5
What is the millions digit of 5684691?
5
What is the tens digit of 13750295?
9
What is the ten thousands digit of 286877?
8
What is the tens digit of 97453?
5
What is the thousands digit of 61883?
1
What is the millions digit of 1381404?
1
What is the units digit of 3381258?
8
What is the hundreds digit of 152586?
5
What is the thousands digit of 485839?
5
What is the tens digit of 2559300?
0
What is the units digit of 32670?
0
What is the ten thousands digit of 11950?
1
What is the ten thousands digit of 470408?
7
What is the millions digit of 2833873?
2
What is the units digit of 454413?
3
What is the millions digit of 1095195?
1
What is the thousands digit of 392015?
2
What is the units digit of 280668?
8
What is the ten thousands digit of 1745546?
4
What is the tens digit of 1589029?
2
What is the millions digit of 1716958?
1
What is the millions digit of 6649875?
6
What is the tens digit of 2388221?
2
What is the units digit of 534453?
3
What is the thousands digit of 813951?
3
What is the hundreds digit of 651631?
6
What is the thousands digit of 736939?
6
What is the millions digit of 3569044?
3
What is the tens digit of 17225835?
3
What is the units digit of 394642?
2
What is the millions digit of 4496617?
4
What is the ten thousands digit of 1504405?
0
What is the millions digit of 2819260?
2
What is the hundred thousands digit of 342203?
3
What is the tens digit of 423282?
8
What is the units digit of 962307?
7
What is the hundred thousands digit of 144109?
1
What is the hundreds digit of 83632?
6
What is the units digit of 1392280?
0
What is the hundreds digit of 196823?
8
What is the hundreds digit of 99238?
2
What is the units digit of 1548313?
3
What is the tens digit of 2109460?
6
What is the units digit of 6819970?
0
What is the hundreds digit of 736210?
2
What is the thousands digit of 1522947?
2
What is the tens digit of 18971745?
4
What is the thousands digit of 20256?
0
What is the tens digit of 5972732?
3
What is the tens digit of 19254?
5
What is the tens digit of 587923?
2
What is the ten thousands digit of 31805?
3
What is the tens digit of 4204416?
1
What is the millions digit of 8138128?
8
What is the tens digit of 4500438?
3
What is the hundred thousands digit of 274307?
2
What is the hundreds digit of 594866?
8
What is the tens digit of 21211220?
2
What is the units digit of 272463?
3
What is the hundred thousands digit of 192949?
1
What is the tens digit of 237147?
4
What is the thousands digit of 133503?
3
What is the tens digit of 475176?
7
What is the hundred thousands digit of 216939?
2
What is the millions digit of 1042121?
1
What is the thousands digit of 10093190?
3
What is the units digit of 429209?
9
What is the hundred thousands digit of 410382?
4
What is the tens digit of 3733642?
4
What is the thousands digit of 285252?
5
What is the hundred thousands digit of 14889723?
8
What is the hundreds digit of 2242514?
5
What is the units digit of 1711005?
5
What is the hundred thousands digit of 10288639?
2
What is the thousands digit of 26634752?
4
What is the ten millions digit of 11175932?
1
What is the units digit of 860966?
6
What is the hundreds digit of 268080?
0
What is the tens digit of 32717350?
5
What is the hundreds digit of 84350?
3
What is the millions digit of 9641237?
9
What is the hundreds digit of 66302?
3
What is the units digit of 14205?
5
What is the tens digit of 962821?
2
What is the tens digit of 769492?
9
What is the tens digit of 41611?
1
What is the hundreds digit of 299307?
3
What is the hundreds digit of 7659172?
1
What is the ten thousands digit of 112010?
1
What is the millions digit of 1064329?
1
What is the hundred thousands digit of 450675?
4
What is the tens digit of 1182892?
9
What is the tens digit of 15294817?
1
What is the units digit of 6227620?
0
What is the hundreds digit of 369117?
1
What is the hundred thousands digit of 12266888?
2
What is the thousands digit of 11941784?
1
What is the ten thousands digit of 15203946?
0
What is the hundreds digit of 57948?
9
What is the ten thousands digit of 960841?
6
What is the millions digit of 2591324?
2
What is the ten thousands digit of 22568035?
6
What is the hundreds digit of 543462?
4
What is the hundred thousands digit of 370438?
3
What is the tens digit of 97203?
0
What is the thousands digit of 1779046?
9
What is the hundred thousands digit of 1863373?
8
What is the thousands digit of 3880991?
0
What is the hundred thousands digit of 1202711?
2
What is the units digit of 20080316?
6
What is the ten thousands digit of 3894681?
9
What is the tens digit of 898482?
8
What is the thousands digit of 377170?
7
What is the tens digit of 1591883?
8
What is the hundreds digit of 67735?
7
What is the tens digit of 143742?
4
What is the hundred thousands digit of 10389981?
3
What is the thousands digit of 3656768?
6
What is the hundred thousands digit of 181555?
1
What is the hundreds digit of 839959?
9
What is the tens digit of 21808929?
2
What is the thousands digit of 116377?
6
What is the thousands digit of 8670238?
0
What is the units digit of 55634?
4
What is the ten millions digit of 10977959?
1
What is the thousands digit of 78557?
8
What is the hundreds digit of 4892467?
4
What is the ten thousands digit of 79618?
7
What is the ten millions digit of 29857205?
2
What is the hundred thousands digit of 3249950?
2
What is the tens digit of 52650?
5
What is the thousands digit of 6924439?
4
What is the ten thousands digit of 2822331?
2
What is the units digit of 10776603?
3
What is the ten millions digit of 26329067?
2
What is the ten millions digit of 10231945?
1
What is the hundred thousands digit of 7060620?
0
What is the tens digit of 11251344?
4
What is the units digit of 277187?
7
What is the ten thousands digit of 325165?
2
What is the thousands digit of 7052483?
2
What is the hundreds digit of 73611?
6
What is the hundreds digit of 51723?
7
What is the hundreds digit of 518666?
6
What is the thousands digit of 343018?
3
What is the hundreds digit of 5548039?
0
What is the thousands digit of 204791?
4
What is the hundreds digit of 328245?
2
What is the hundreds digit of 756379?
3
What is the hundred thousands digit of 478363?
4
What is the millions digit of 6100178?
6
What is the hundreds digit of 314216?
2
What is the units digit of 657098?
8
What is the tens digit of 146610?
1
What is the millions digit of 4461954?
4
What is the units digit of 50971?
1
What is the units digit of 85021?
1
What is the units digit of 10189153?
3
What is the units digit of 2139230?
0
What is the tens digit of 506738?
3
What is the tens digit of 291510?
1
What is the hundreds digit of 312703?
7
What is the units digit of 21256373?
3
What is the units digit of 252850?
0
What is the tens digit of 12033?
3
What is the ten thousands digit of 117280?
1
What is the tens digit of 142639?
3
What is the ten thousands digit of 194491?
9
What is the ten thousands digit of 7959282?
5
What is the hundreds digit of 1483162?
1
What is the hundred thousands digit of 625844?
6
What is the millions digit of 1475045?
1
What is the hundred thousands digit of 1941784?
9
What is the thousands digit of 1273764?
3
What is the tens digit of 3041026?
2
What is the hundred thousands digit of 7331303?
3
What is the hundreds digit of 73703?
7
What is the hundreds digit of 158026?
0
What is the tens digit of 2446171?
7
What is the ten thousands digit of 723616?
2
What is the thousands digit of 556601?
6
What is the hundred thousands digit of 10409163?
4
What is the tens digit of 1642835?
3
What is the thousands digit of 549741?
9
What is the tens digit of 6313803?
0
What is the t